116, l - 19 - 21 = -2*s. Let x = 43 + l. What is the units digit of x?
1
Suppose 3*t = -4*l + 19, -l - 5*t + 0 = -9. Suppose l*f + 232 = 8*f. Suppose 3*x = f + 71. What is the units digit of x?
3
Suppose -3 = 29*d - 148. Suppose -d*s + 0*s + 2*i + 3945 = 0, -4*i - 3156 = -4*s. What is the hundreds digit of s?
7
Suppose 0 = -p + 3*n + 1807, 0 = -5*p + 4*n - 8*n + 9035. What is the tens digit of p?
0
Let p be ((-12)/(-2))/((-36)/54). Let h(b) = 10*b + 15. Let j(v) = 10*v + 15. Let o(d) = -4*h(d) + 3*j(d). What is the units digit of o(p)?
5
Let b = 15 - 12. Suppose 4*n + 522 = 2*x + b*x, -n = -3*x + 316. Let j = x - 25. What is the tens digit of j?
8
Let u(q) = q - 4. Let g be u(4). Let w be (g/(-3))/(3/((-3)/2)). Suppose 2*c - 5*c - 2*r + 49 = w, -r = -4*c + 58. What is the tens digit of c?
1
What is the thousands digit of -7*15/((-225)/8565)?
3
Let y = 20607 + -5710. What is the ten thousands digit of y?
1
Suppose 0 = 2*i - 3*r + 680, -i + 5*r = i + 676. Let m = 111 - i. What is the hundreds digit of m?
4
Let m(u) = -u**3 - 17*u**2 - 26*u + 15. Let v = 684 + -701. What is the units digit of m(v)?
7
Suppose -40*k + 36*k - 5*h - 14 = 0, -2*k + 5*h = -8. What is the tens digit of (k - 3)/(2/(-364))?
2
Let r = 2811 + 633. What is the hundreds digit of (-9)/6*(-2 - r/18)?
2
Let i(r) = 20*r**2 - 7*r - 5. Let q be i(-1). Suppose 23*v - 180 = q*v. What is the hundreds digit of v?
1
Let i(k) = 83*k - 10. Let y be i(1). Let v(w) = w - 7. Let p be v(-6). Let z = p + y. What is the units digit of z?
0
Suppose 65 - 3 = 31*v. What is the tens digit of v*667 - (0/7 - -1)?
3
Suppose 0 = -2*f - 199 - 37. Let z = f + 258. Suppose z = 15*o - 11*o. What is the units digit of o?
5
Let y(t) = -99*t**3 - 9*t**2 + 25*t + 90. What is the units digit of y(-7)?
1
Suppose 4*d - 66008 = -2*i, 1197*i = 1195*i + 8. What is the ten thousands digit of d?
1
What is the hundreds digit of (202815/(-270))/((-5)/180)?
0
Let z(h) = 21*h**2 - 8*h - 9. Let r = 154 + -155. What is the units digit of z(r)?
0
Suppose -963*q + l = -964*q + 24502, 2*l = -4*q + 98008. What is the tens digit of q?
0
Suppose 5*n + 19 = 39. Suppose u = n*a + 3, -5*u + a + 6 = -9. Suppose -7*w + u*w - 193 = -3*l, 0 = -l - 3*w + 60. What is the units digit of l?
3
Let j(g) be the third derivative of -g**5/60 + 23*g**4/24 - 5*g**3/6 + 3*g**2 + 7. What is the units digit of j(7)?
7
Suppose j + 74 = 2*p, -3*p = -8*p - 2*j + 203. Let b = 70 + p. What is the units digit of b?
9
What is the units digit of 627*(-2)/4*(-19 + 9 - 2)?
2
Suppose h = -1744*l + 1743*l + 14140, -l + 3*h = -14108. What is the tens digit of l?
3
Suppose 11*f - 290 = 16*f. Let t = f - -85. What is the units digit of 2/9 + 399/t?
5
Suppose 2*g - 30 = -4*l, 9*l = 3*g + 6*l. Suppose 8*r = -m + 3*r + 696, -3576 = -g*m - r. What is the units digit of m?
6
Suppose -2*x - 7*x = -45. Suppose x*l = -s + 347, -4*s + 1313 = -l - 4*l. What is the hundreds digit of s?
3
Suppose 5*f + 3*i - 9 = -i, 2 = -f + 3*i. Let g be (-32 + 2 + f)*-1. Suppose -32*l + g*l + 393 = 0. What is the tens digit of l?
3
Let o(t) = 204*t**2 + 2*t + 1. Let m be o(1). Let j(v) = -147*v + 1. Let f be j(1). Let l = m + f. What is the tens digit of l?
6
Suppose 0 = -2*p - 5*v, 0*v = 4*p + v - 36. Suppose 0 = -2*c + p, -5*z + c + 3743 - 1388 = 0. What is the units digit of z?
2
Let u(w) = 261*w**2 + 129*w + 259. What is the hundreds digit of u(-13)?
6
What is the tens digit of ((-21519)/5 - 1)/(-28*28/3920)?
2
Suppose 0 = -r + 3, 15*r - 11*r - 27273 = -3*m. What is the hundreds digit of m?
0
Suppose -4*y - 4*n + 11 = -n, 3*y = -2*n + 8. Suppose -6*f + y*f = -1184. Suppose 10*j + f = 14*j. What is the units digit of j?
4
Suppose 0 = 5*v + 862 - 982. Suppose v*f = 16*f + 4608. What is the hundreds digit of f?
5
Suppose -7*o + 2*o + 3*w + 446 = 0, -2*o - 5*w + 197 = 0. Let v = 261 - o. Let a = v + -94. What is the units digit of a?
6
Suppose 0 = -29*u + 39*u + 2400. What is the units digit of u*10/(-20)*(-1)/(-1)?
0
Suppose -38*n - 29*n = -893512. What is the hundreds digit of n?
3
What is the ten thousands digit of (-9 - -10328) + (-4 + (-14)/(-4))*4?
1
Let u(o) = -2*o + 43. Let r be u(-8). Suppose -578 = -3*w - 4*l, 329 + r = 2*w + 2*l. What is the units digit of w?
8
Suppose 2*a = g + 9, 3*a = g + 6 + 5. Suppose 0 = -3*o + 5*r + 1318, -2*r + 2209 = 5*o + a*r. What is the hundreds digit of o?
4
Let i be 8/10*(-15)/(-6). Suppose 2*y = y + 3*o - 5, 45 = -3*y + 3*o. What is the units digit of (-2)/((y/125)/i)?
5
Suppose 2*i = -i. Suppose i = 3*s + 2*a - 1724, s + 35 = -2*a + 607. Suppose -s + 131 = -5*m. What is the tens digit of m?
8
Let a = -44 - -39. Let n be (3844/4)/1 + 5/a. Suppose -4*v + n - 44 = 0. What is the tens digit of v?
2
What is the thousands digit of 272*(3315/34 + 17)?
1
Let s = 280 + -177. Suppose 0 = -l + s - 99. What is the tens digit of (-60)/(-2)*((-102)/(-12) - l)?
3
Suppose 0 = -5*p - 5*l + 115, -2*p + 55 = -2*l + 13. Let v(t) = 2 + 58*t - 25*t - p*t. What is the tens digit of v(1)?
1
Let r = -26871 + 46595. What is the tens digit of r?
2
Let d(c) = 66*c**2 - 3*c - 1. Let g = 84 - 58. Let l = -27 + g. What is the tens digit of d(l)?
6
Let t(a) = 1347*a + 861. What is the hundreds digit of t(4)?
2
Let n = -773 + 778. Let l(o) = 231*o + 182. What is the tens digit of l(n)?
3
Suppose -187*i + 182*i + 263630 = 0. What is the tens digit of i?
2
Let x(k) = 189*k**3 - 5*k**2 + 87*k - 332. What is the thousands digit of x(4)?
2
Let c(w) = -4531*w + 87*w**2 - 2 + 8 + 4523*w. What is the hundreds digit of c(-3)?
8
Let v = 12134 + -4819. What is the thousands digit of v?
7
Let c = 4 - -1378. Suppose -6*s = c - 4496. What is the tens digit of s?
1
Let w(o) = -2*o**3 + 23*o**2 + 39*o + 23. Let j(q) = -q**3 + 12*q**2 + 19*q + 12. Let k(r) = -5*j(r) + 3*w(r). What is the hundreds digit of k(7)?
2
Let y(n) = n**2 - n + 1. Let i(p) = 3*p**2 - 16*p + 10. Let a(r) = -i(r) + 4*y(r). Let j(x) = -5*x**2 + x + 6. Let v be j(-2). What is the tens digit of a(v)?
5
Let x = 204 - -18107. What is the thousands digit of x?
8
Let r(g) = 25 - 107*g**2 + 179*g**2 - g**3 - 3*g - 84*g**2. Let q be r(-11). Let j = q - -175. What is the units digit of j?
2
Suppose 6*w - w + 18 = -o, -w - 10 = -3*o. Suppose -o*c + 325 - 19 = 0. What is the tens digit of c?
5
Suppose 6*s = 2*s - 3*f + 28315, 17*s - f - 120270 = 0. What is the thousands digit of s?
7
Let f be ((-60)/(-18))/(8/12). What is the hundreds digit of (174*12)/3 + f?
7
Suppose -3103*r + 3107*r = 4*q + 172888, 0 = -4*r + 2*q + 172900. What is the hundreds digit of r?
2
Suppose -61*j = -56*j + 350. What is the hundreds digit of 142*(-49)/j*5?
4
Let n be (-6)/(2 - (-15)/(-3)) - 1817. What is the tens digit of 8/14 + n/(-21)?
8
Let x be 8/60 - (741651/45 + -3). Let w be x/70 + (-4)/(-10). Let z = 408 + w. What is the units digit of z?
3
Let s = -71 - -97. Suppose v + 0*v + 42 = -5*w, v - 3*w = -s. What is the hundreds digit of ((v/5)/(-2))/(12/600)?
1
Suppose -2*c = 5*c - 28. Suppose 0 = 6*s - 2*s + c*i - 1540, -5*i = 15. What is the tens digit of s?
8
Suppose -9*c + 3*h = -5*c - 23, -c + 17 = -3*h. Let o(l) = l**2 - 14*l + 0*l**2 - 20 + 6*l**c - 3*l**3 + 4*l**3. What is the tens digit of o(-8)?
2
Let j = 25478 - 7024. Suppose j = 16*t + 4262. What is the units digit of t?
7
Let l = -622 + 1083. Suppose 0 = 12*h - 13*h - 329. Let n = h + l. What is the hundreds digit of n?
1
Let k(h) = 63*h + 1706. What is the tens digit of k(36)?
7
Suppose n + 13712 = 3*q, 481*q - n - 22848 = 476*q. What is the tens digit of q?
6
Let j(g) = 54*g**2 + 23*g + 17. Let t be j(-7). Suppose -t = -2*a + 3*u, 3*a - 2*u = u + 3750. Suppose -20*h - a = -26*h. What is the units digit of h?
8
What is the tens digit of 1031337/54 + (-5)/6?
9
Suppose 0 = z, -z + 5*z = 2*d - 18246. What is the tens digit of d?
2
Suppose 2*s = -5*h + 4*h, 3*s = -5*h - 21. What is the hundreds digit of 25/(11 + h) + 826?
8
Let a = -240 - -236. What is the units digit of 2/12 + a/(192/(-20776))?
3
Let i(v) = -832*v - 1615. What is the ten thousands digit of i(-28)?
2
Suppose 25*a - 21*a = 36. Suppose 510 = 6*i - a*i. Let y = 76 - i. What is the units digit of y?
6
Let j(i) = -5*i**2 + 18*i + 13*i**2 - 3*i - 7*i**2 + 14. Let u be j(-14). Suppose u*v - 168 = -2*v. What is the units digit of v?
4
